{"id":8,"date":"2019-10-09T12:37:23","date_gmt":"2019-10-09T12:37:23","guid":{"rendered":"https:\/\/gonetrotters.fr\/?page_id=8"},"modified":"2025-10-20T08:58:35","modified_gmt":"2025-10-20T08:58:35","slug":"gonestrotters","status":"publish","type":"page","link":"https:\/\/gonetrotters.fr\/","title":{"rendered":""},"content":{"rendered":"\n<p class=\"has-text-align-center soustitre has-light-gray-color has-text-color\"> Musique d&rsquo;ici et d&rsquo;ailleurs<\/p>\n\n\n\n<p><\/p>\n\n\n\n<p><\/p>\n\n\n\n<p><\/p>\n\n\n\n<figure class=\"wp-block-embed is-type-video is-provider-youtube wp-block-embed-youtube wp-embed-aspect-16-9 wp-has-aspect-ratio\"><div class=\"wp-block-embed__wrapper\">\n<iframe loading=\"lazy\" title=\"Gonetrotters T\" width=\"640\" height=\"360\" src=\"https:\/\/www.youtube.com\/embed\/8_ghVUC4b_s?feature=oembed\" frameborder=\"0\" allow=\"accelerometer; autoplay; clipboard-write; encrypted-media; gyroscope; picture-in-picture; web-share\" referrerpolicy=\"strict-origin-when-cross-origin\" allowfullscreen><\/iframe>\n<\/div><\/figure>\n\n\n\n\n\n<h4 class=\"wp-block-heading\">Les 4 gones<\/h4>\n\n\n\n<figure class=\"wp-block-embed is-type-video is-provider-youtube wp-block-embed-youtube wp-embed-aspect-16-9 wp-has-aspect-ratio\"><div class=\"wp-block-embed__wrapper\">\n<iframe loading=\"lazy\" title=\"Gonetrotters 2024\" width=\"640\" height=\"360\" src=\"https:\/\/www.youtube.com\/embed\/DchBaL0ofYs?feature=oembed\" frameborder=\"0\" allow=\"accelerometer; autoplay; clipboard-write; encrypted-media; gyroscope; picture-in-picture; web-share\" referrerpolicy=\"strict-origin-when-cross-origin\" allowfullscreen><\/iframe>\n<\/div><\/figure>\n\n\n\n<figure class=\"wp-block-pullquote\"><blockquote><p> Gonetrotters, la  rencontre atypique d&rsquo;un accord\u00e9on, d&rsquo;une mandoline am\u00e9ricaine, d&rsquo;une guitare et d&rsquo;une contrebasse.<br>Quatre  musiciens venant d&rsquo;univers diff\u00e9rents, avec des influences jazz, folk, musiques du monde, bluegrass. <\/p><\/blockquote><\/figure>\n\n\n\n<h4 class=\"wp-block-heading\">Galerie<\/h4>\n\n\n\n<figure class=\"wp-block-gallery has-nested-images columns-default is-cropped wp-block-gallery-1 is-layout-flex wp-block-gallery-is-layout-flex\"><\/figure>\n\n\n\n\n\n\n\n\n\n<figure class=\"wp-block-gallery has-nested-images columns-4 is-cropped wp-block-gallery-2 is-layout-flex wp-block-gallery-is-layout-flex\"><\/figure>\n\n\n\n<figure class=\"wp-block-image size-large is-style-rounded\"><img loading=\"lazy\" decoding=\"async\" width=\"1024\" height=\"379\" src=\"https:\/\/gonetrotters.fr\/wp-content\/uploads\/2023\/11\/G7_m-1024x379.jpg\" alt=\"\" class=\"wp-image-240\" srcset=\"https:\/\/gonetrotters.fr\/wp-content\/uploads\/2023\/11\/G7_m-1024x379.jpg 1024w, https:\/\/gonetrotters.fr\/wp-content\/uploads\/2023\/11\/G7_m-300x111.jpg 300w, https:\/\/gonetrotters.fr\/wp-content\/uploads\/2023\/11\/G7_m-768x284.jpg 768w, https:\/\/gonetrotters.fr\/wp-content\/uploads\/2023\/11\/G7_m.jpg 1420w\" sizes=\"auto, (max-width: 1024px) 100vw, 1024px\" \/><\/figure>\n\n\n\n<figure class=\"wp-block-gallery has-nested-images columns-default is-cropped wp-block-gallery-3 is-layout-flex wp-block-gallery-is-layout-flex\"><\/figure>\n\n\n\n<figure class=\"wp-block-gallery has-nested-images columns-default is-cropped wp-block-gallery-4 is-layout-flex wp-block-gallery-is-layout-flex\"><\/figure>\n\n\n\n<figure class=\"wp-block-gallery has-nested-images columns-2 is-cropped wp-block-gallery-5 is-layout-flex wp-block-gallery-is-layout-flex\">\n<figure class=\"wp-block-image size-large\"><img loading=\"lazy\" decoding=\"async\" width=\"1024\" height=\"576\" data-id=\"85\" src=\"https:\/\/gonetrotters.fr\/wp-content\/uploads\/2019\/11\/photo-teaser-gonetrotters-contrebasse-1024x576.jpg\" alt=\"photo teaser gonetrotters contrebasse\" class=\"wp-image-85\" srcset=\"https:\/\/gonetrotters.fr\/wp-content\/uploads\/2019\/11\/photo-teaser-gonetrotters-contrebasse-1024x576.jpg 1024w, https:\/\/gonetrotters.fr\/wp-content\/uploads\/2019\/11\/photo-teaser-gonetrotters-contrebasse-300x169.jpg 300w, https:\/\/gonetrotters.fr\/wp-content\/uploads\/2019\/11\/photo-teaser-gonetrotters-contrebasse-768x432.jpg 768w, https:\/\/gonetrotters.fr\/wp-content\/uploads\/2019\/11\/photo-teaser-gonetrotters-contrebasse-1568x882.jpg 1568w, https:\/\/gonetrotters.fr\/wp-content\/uploads\/2019\/11\/photo-teaser-gonetrotters-contrebasse.jpg 1920w\" sizes=\"auto, (max-width: 1024px) 100vw, 1024px\" \/><\/figure>\n\n\n\n<figure class=\"wp-block-image size-large\"><img loading=\"lazy\" decoding=\"async\" width=\"1024\" height=\"576\" data-id=\"86\" src=\"https:\/\/gonetrotters.fr\/wp-content\/uploads\/2019\/11\/photo-teaser-gonetrotters-guitare-contrebasse-1024x576.jpg\" alt=\"photo teaser gonetrotters guitare contrebasse\" class=\"wp-image-86\" srcset=\"https:\/\/gonetrotters.fr\/wp-content\/uploads\/2019\/11\/photo-teaser-gonetrotters-guitare-contrebasse-1024x576.jpg 1024w, https:\/\/gonetrotters.fr\/wp-content\/uploads\/2019\/11\/photo-teaser-gonetrotters-guitare-contrebasse-300x169.jpg 300w, https:\/\/gonetrotters.fr\/wp-content\/uploads\/2019\/11\/photo-teaser-gonetrotters-guitare-contrebasse-768x432.jpg 768w, https:\/\/gonetrotters.fr\/wp-content\/uploads\/2019\/11\/photo-teaser-gonetrotters-guitare-contrebasse-1568x882.jpg 1568w, https:\/\/gonetrotters.fr\/wp-content\/uploads\/2019\/11\/photo-teaser-gonetrotters-guitare-contrebasse.jpg 1920w\" sizes=\"auto, (max-width: 1024px) 100vw, 1024px\" \/><\/figure>\n\n\n\n<figure class=\"wp-block-image size-large\"><img loading=\"lazy\" decoding=\"async\" width=\"1024\" height=\"576\" data-id=\"84\" src=\"https:\/\/gonetrotters.fr\/wp-content\/uploads\/2019\/11\/photo-teaser-gonetrotters-accordeon-mandoline-1024x576.jpg\" alt=\"photo teaser gonetrotters accordeon mandoline\" class=\"wp-image-84\" srcset=\"https:\/\/gonetrotters.fr\/wp-content\/uploads\/2019\/11\/photo-teaser-gonetrotters-accordeon-mandoline-1024x576.jpg 1024w, https:\/\/gonetrotters.fr\/wp-content\/uploads\/2019\/11\/photo-teaser-gonetrotters-accordeon-mandoline-300x169.jpg 300w, https:\/\/gonetrotters.fr\/wp-content\/uploads\/2019\/11\/photo-teaser-gonetrotters-accordeon-mandoline-768x432.jpg 768w, https:\/\/gonetrotters.fr\/wp-content\/uploads\/2019\/11\/photo-teaser-gonetrotters-accordeon-mandoline-1568x882.jpg 1568w, https:\/\/gonetrotters.fr\/wp-content\/uploads\/2019\/11\/photo-teaser-gonetrotters-accordeon-mandoline.jpg 1920w\" sizes=\"auto, (max-width: 1024px) 100vw, 1024px\" \/><\/figure>\n\n\n\n<figure class=\"wp-block-image size-large\"><img loading=\"lazy\" decoding=\"async\" width=\"1024\" height=\"576\" data-id=\"87\" src=\"https:\/\/gonetrotters.fr\/wp-content\/uploads\/2019\/11\/photo-teaser-gonetrotters-mandoline-contrebasse-1024x576.jpg\" alt=\"photo teaser gonetrotters mandoline contrebasse\" class=\"wp-image-87\" srcset=\"https:\/\/gonetrotters.fr\/wp-content\/uploads\/2019\/11\/photo-teaser-gonetrotters-mandoline-contrebasse-1024x576.jpg 1024w, https:\/\/gonetrotters.fr\/wp-content\/uploads\/2019\/11\/photo-teaser-gonetrotters-mandoline-contrebasse-300x169.jpg 300w, https:\/\/gonetrotters.fr\/wp-content\/uploads\/2019\/11\/photo-teaser-gonetrotters-mandoline-contrebasse-768x432.jpg 768w, https:\/\/gonetrotters.fr\/wp-content\/uploads\/2019\/11\/photo-teaser-gonetrotters-mandoline-contrebasse-1568x882.jpg 1568w, https:\/\/gonetrotters.fr\/wp-content\/uploads\/2019\/11\/photo-teaser-gonetrotters-mandoline-contrebasse.jpg 1920w\" sizes=\"auto, (max-width: 1024px) 100vw, 1024px\" \/><\/figure>\n<\/figure>\n\n\n\n<div class=\"wp-block-group has-secondary-background-color has-background\"><div class=\"wp-block-group__inner-container is-layout-flow wp-block-group-is-layout-flow\"><\/div><\/div>\n\n\n\n<h4 class=\"wp-block-heading\">Les musiciens<\/h4>\n\n\n\n<div style=\"background-color:#FFF;color:#32373c\" class=\"wp-block-genesis-blocks-gb-profile-box round gb-has-avatar gb-font-size-18 gb-block-profile gb-profile-columns\"><div class=\"gb-profile-column gb-profile-avatar-wrap\"><div class=\"gb-profile-image-wrap\"><figure class=\"gb-profile-image-square\"><img loading=\"lazy\" decoding=\"async\" width=\"1600\" height=\"1063\" class=\"gb-profile-avatar wp-image-55\" src=\"https:\/\/gonetrotters.fr\/wp-content\/uploads\/2019\/10\/gonetrotters_photo_05.jpg\" alt=\"\" srcset=\"https:\/\/gonetrotters.fr\/wp-content\/uploads\/2019\/10\/gonetrotters_photo_05.jpg 1600w, https:\/\/gonetrotters.fr\/wp-content\/uploads\/2019\/10\/gonetrotters_photo_05-300x199.jpg 300w, https:\/\/gonetrotters.fr\/wp-content\/uploads\/2019\/10\/gonetrotters_photo_05-768x510.jpg 768w, https:\/\/gonetrotters.fr\/wp-content\/uploads\/2019\/10\/gonetrotters_photo_05-1024x680.jpg 1024w, https:\/\/gonetrotters.fr\/wp-content\/uploads\/2019\/10\/gonetrotters_photo_05-600x400.jpg 600w, https:\/\/gonetrotters.fr\/wp-content\/uploads\/2019\/10\/gonetrotters_photo_05-1568x1042.jpg 1568w\" sizes=\"auto, (max-width: 1600px) 100vw, 1600px\" \/><\/figure><\/div><\/div><div class=\"gb-profile-column gb-profile-content-wrap\"><h2 class=\"gb-profile-name\" style=\"color:#32373c\">Pierre-Marie Clerc  <\/h2><p class=\"gb-profile-title\" style=\"color:#32373c\"><\/p><div class=\"gb-profile-text\"><p>D\u00e8s l\u2019\u00e2ge de 10 ans, d\u00e9marre son apprentissage  musical \u00e0 la guitare  acoustique, avec le style Finger Picking, puis le Flat Picking et  l\u2019accompagnement du chant. Mais d\u00e8s la d\u00e9couverte de la musique  Bluegrass, en autodidacte, il pratique rapidement la mandoline qui  restera son instrument pr\u00e9f\u00e9r\u00e9. Mandoliniste dans plusieurs formations  au fil des ann\u00e9es, \u00e0 savoir Copy Express, Coyote 2024,  ZipCode 2025 et  Tante Agathe\u2019s, il est tr\u00e8s influenc\u00e9 par ce style musical, mais aussi  par le New Grass, la musique irlandaise et toutes  musiques  traditionnelles du monde.  <\/p><\/div><ul class=\"gb-social-links\"><\/ul><\/div><\/div>\n\n\n\n<div style=\"background-color:#FFF;color:#32373c\" class=\"wp-block-genesis-blocks-gb-profile-box right round gb-has-avatar gb-font-size-18 gb-block-profile gb-profile-columns\"><div class=\"gb-profile-column gb-profile-avatar-wrap\"><div class=\"gb-profile-image-wrap\"><figure class=\"gb-profile-image-square\"><img loading=\"lazy\" decoding=\"async\" width=\"1600\" height=\"1063\" class=\"gb-profile-avatar wp-image-56\" src=\"https:\/\/gonetrotters.fr\/wp-content\/uploads\/2019\/10\/gonetrotters_photo_06.jpg\" alt=\"\" srcset=\"https:\/\/gonetrotters.fr\/wp-content\/uploads\/2019\/10\/gonetrotters_photo_06.jpg 1600w, https:\/\/gonetrotters.fr\/wp-content\/uploads\/2019\/10\/gonetrotters_photo_06-300x199.jpg 300w, https:\/\/gonetrotters.fr\/wp-content\/uploads\/2019\/10\/gonetrotters_photo_06-768x510.jpg 768w, https:\/\/gonetrotters.fr\/wp-content\/uploads\/2019\/10\/gonetrotters_photo_06-1024x680.jpg 1024w, https:\/\/gonetrotters.fr\/wp-content\/uploads\/2019\/10\/gonetrotters_photo_06-600x400.jpg 600w, https:\/\/gonetrotters.fr\/wp-content\/uploads\/2019\/10\/gonetrotters_photo_06-1568x1042.jpg 1568w\" sizes=\"auto, (max-width: 1600px) 100vw, 1600px\" \/><\/figure><\/div><\/div><div class=\"gb-profile-column gb-profile-content-wrap\"><h2 class=\"gb-profile-name\" style=\"color:#32373c\"> Jean Ducrocq<\/h2><p class=\"gb-profile-title\" style=\"color:#32373c\"><\/p><div class=\"gb-profile-text\"><p> Il commence \u00e0 8 ans des cours d\u2019accord\u00e9on, mais pr\u00e9f\u00e9rant le rhythm and  blues (Stevie Wonder, Eart ,Wind &amp; Fire) et la vari\u00e9t\u00e9, il se lance  dans l\u2019apprentissage de la clarinette, saxophones et percussion. A 17  ans premier groupe de vari\u00e9t\u00e9 et de bal. Le service   militaire se   passe dans la musique et au retour il int\u00e8gre de nouvelles formations. A  27 ans arr\u00eat complet de la musique, mais toujours un peu de composition  pour des amis. Il faudra une quinzaine d\u2019ann\u00e9es avant la reprise des  instruments pour accompagner chorales, spectacles de vari\u00e9t\u00e9s, jazz et  musique du monde. Tr\u00e8s influenc\u00e9 par des accord\u00e9onistes comme Richard  Galliano, Vincent Peironi, Lionel Suarez, il retrouve l\u2019instrument de  ses d\u00e9buts avec Gonetrotters.<\/p><\/div><ul class=\"gb-social-links\"><\/ul><\/div><\/div>\n\n\n\n<div style=\"background-color:#FFF;color:#32373c\" class=\"wp-block-genesis-blocks-gb-profile-box round gb-has-avatar gb-font-size-18 gb-block-profile gb-profile-columns\"><div class=\"gb-profile-column gb-profile-avatar-wrap\"><div class=\"gb-profile-image-wrap\"><figure class=\"gb-profile-image-square\"><img loading=\"lazy\" decoding=\"async\" width=\"1600\" height=\"1063\" class=\"gb-profile-avatar wp-image-54\" src=\"https:\/\/gonetrotters.fr\/wp-content\/uploads\/2019\/10\/gonetrotters_photo_04.jpg\" alt=\"\" srcset=\"https:\/\/gonetrotters.fr\/wp-content\/uploads\/2019\/10\/gonetrotters_photo_04.jpg 1600w, https:\/\/gonetrotters.fr\/wp-content\/uploads\/2019\/10\/gonetrotters_photo_04-300x199.jpg 300w, https:\/\/gonetrotters.fr\/wp-content\/uploads\/2019\/10\/gonetrotters_photo_04-768x510.jpg 768w, https:\/\/gonetrotters.fr\/wp-content\/uploads\/2019\/10\/gonetrotters_photo_04-1024x680.jpg 1024w, https:\/\/gonetrotters.fr\/wp-content\/uploads\/2019\/10\/gonetrotters_photo_04-600x400.jpg 600w, https:\/\/gonetrotters.fr\/wp-content\/uploads\/2019\/10\/gonetrotters_photo_04-1568x1042.jpg 1568w\" sizes=\"auto, (max-width: 1600px) 100vw, 1600px\" \/><\/figure><\/div><\/div><div class=\"gb-profile-column gb-profile-content-wrap\"><h2 class=\"gb-profile-name\" style=\"color:#32373c\">Dominique Putinier  <\/h2><p class=\"gb-profile-title\" style=\"color:#32373c\"><\/p><div class=\"gb-profile-text\"><p> Contrebassiste autodidacte de plusieurs groupes, \u00e0 la crois\u00e9e d\u2019univers  musicaux aussi diff\u00e9rents que le Bluegrass (ZipCode 2025 avec  Pierre-Marie Clerc, compagnon de route des premi\u00e8res ann\u00e9es), l\u2019humour  musical (Banjomaniacs), le tango argentin (Nieblas Portenas), et m\u00eame  une incursion r\u00e9cente dans le slam. S\u2019il fallait garder trois influences  majeures, il y aurait Bach, vers lequel il revient toujours, Monk parce  qu\u2019il transgresse les r\u00e8gles, Avishai Cohen, parce qu\u2019il ignore les  fronti\u00e8res.<\/p><\/div><ul class=\"gb-social-links\"><\/ul><\/div><\/div>\n\n\n\n<div style=\"background-color:#FFF;color:#32373c\" class=\"wp-block-genesis-blocks-gb-profile-box right round gb-has-avatar gb-font-size-18 gb-block-profile gb-profile-columns\"><div class=\"gb-profile-column gb-profile-avatar-wrap\"><div class=\"gb-profile-image-wrap\"><figure class=\"gb-profile-image-square\"><img loading=\"lazy\" decoding=\"async\" width=\"1600\" height=\"1063\" class=\"gb-profile-avatar wp-image-53\" src=\"https:\/\/gonetrotters.fr\/wp-content\/uploads\/2019\/10\/gonetrotters_photo_03.jpg\" alt=\"\" srcset=\"https:\/\/gonetrotters.fr\/wp-content\/uploads\/2019\/10\/gonetrotters_photo_03.jpg 1600w, https:\/\/gonetrotters.fr\/wp-content\/uploads\/2019\/10\/gonetrotters_photo_03-300x199.jpg 300w, https:\/\/gonetrotters.fr\/wp-content\/uploads\/2019\/10\/gonetrotters_photo_03-768x510.jpg 768w, https:\/\/gonetrotters.fr\/wp-content\/uploads\/2019\/10\/gonetrotters_photo_03-1024x680.jpg 1024w, https:\/\/gonetrotters.fr\/wp-content\/uploads\/2019\/10\/gonetrotters_photo_03-600x400.jpg 600w, https:\/\/gonetrotters.fr\/wp-content\/uploads\/2019\/10\/gonetrotters_photo_03-1568x1042.jpg 1568w\" sizes=\"auto, (max-width: 1600px) 100vw, 1600px\" \/><\/figure><\/div><\/div><div class=\"gb-profile-column gb-profile-content-wrap\"><h2 class=\"gb-profile-name\" style=\"color:#32373c\"> G\u00e9rard Chazot<\/h2><p class=\"gb-profile-title\" style=\"color:#32373c\"><\/p><div class=\"gb-profile-text\"><p> Il commence le banjo dans le groupe Paddy\u2019s grass qui s\u2019inspire de  m\u00e9lodies de folk irlandais et de Bluegrass. Mettant de c\u00f4t\u00e9  le manche \u00e0  5 cordes, il apprend la guitare et joue de 1998 \u00e0 2006 dans le groupe  Valsepareille qui puise son inspiration dans les musiques  traditionnelles du centre de la France. En 2015 il rejoint les musiciens  de Gonetrotters.<\/p><\/div><ul class=\"gb-social-links\"><\/ul><\/div><\/div>\n\n\n\n<h4 class=\"wp-block-heading\"><\/h4>\n\n\n\n<h4 class=\"wp-block-heading\">Contact <\/h4>\n\n\n\n<p><strong>Tel : <a href=\"tel:0603403369\">06 03 40 33 69<\/a> <br>Email : pierremarie.clerc@gmail.com<\/strong><\/p>\n\n\n\n<p><strong> <\/strong><\/p>\n\n\n\n<p><\/p>\n","protected":false},"excerpt":{"rendered":"<p>Musique d&rsquo;ici et d&rsquo;ailleurs Les 4 gones Gonetrotters, la rencontre atypique d&rsquo;un accord\u00e9on, d&rsquo;une mandoline am\u00e9ricaine, d&rsquo;une guitare et d&rsquo;une contrebasse.Quatre musiciens venant d&rsquo;univers diff\u00e9rents, avec des influences jazz, folk, musiques du monde, bluegrass. Galerie Les musiciens Contact Tel : 06 03 40 33 69 Email : pierremarie.clerc@gmail.com<\/p>\n","protected":false},"author":1,"featured_media":0,"parent":0,"menu_order":0,"comment_status":"closed","ping_status":"closed","template":"","meta":{"footnotes":"[]"},"class_list":["post-8","page","type-page","status-publish","hentry","entry"],"yoast_head":"<!-- This site is optimized with the Yoast SEO plugin v27.4 - https:\/\/yoast.com\/product\/yoast-seo-wordpress\/ -->\n<title>Gonestrotters - Musique d&#039;ici et d&#039;ailleurs<\/title>\n<meta name=\"description\" content=\"Une musique vari\u00e9e, complexe, cisel\u00e9e, principalement instrumentale, jou\u00e9e sur une base solide assur\u00e9e par une guitare et contrebasse, et la rencontre atypique d\u2019un accord\u00e9on et d\u2019une mandoline am\u00e9ricaine.\" \/>\n<meta name=\"robots\" content=\"index, follow, max-snippet:-1, max-image-preview:large, max-video-preview:-1\" \/>\n<link rel=\"canonical\" href=\"https:\/\/gonetrotters.fr\/\" \/>\n<meta property=\"og:locale\" content=\"fr_FR\" \/>\n<meta property=\"og:type\" content=\"article\" \/>\n<meta property=\"og:title\" content=\"Gonestrotters - Musique d&#039;ici et d&#039;ailleurs\" \/>\n<meta property=\"og:description\" content=\"Une musique vari\u00e9e, complexe, cisel\u00e9e, principalement instrumentale, jou\u00e9e sur une base solide assur\u00e9e par une guitare et contrebasse, et la rencontre atypique d\u2019un accord\u00e9on et d\u2019une mandoline am\u00e9ricaine.\" \/>\n<meta property=\"og:url\" content=\"https:\/\/gonetrotters.fr\/\" \/>\n<meta property=\"og:site_name\" content=\"Gonetrotters\" \/>\n<meta property=\"article:modified_time\" content=\"2025-10-20T08:58:35+00:00\" \/>\n<meta property=\"og:image\" content=\"https:\/\/gonetrotters.fr\/wp-content\/uploads\/2023\/11\/G7_m.jpg\" \/>\n\t<meta property=\"og:image:width\" content=\"1420\" \/>\n\t<meta property=\"og:image:height\" content=\"525\" \/>\n\t<meta property=\"og:image:type\" content=\"image\/jpeg\" \/>\n<meta name=\"twitter:card\" content=\"summary_large_image\" \/>\n<meta name=\"twitter:label1\" content=\"Dur\u00e9e de lecture estim\u00e9e\" \/>\n\t<meta name=\"twitter:data1\" content=\"5 minutes\" \/>\n<script type=\"application\/ld+json\" class=\"yoast-schema-graph\">{\"@context\":\"https:\\\/\\\/schema.org\",\"@graph\":[{\"@type\":\"WebPage\",\"@id\":\"https:\\\/\\\/gonetrotters.fr\\\/\",\"url\":\"https:\\\/\\\/gonetrotters.fr\\\/\",\"name\":\"Gonestrotters - Musique d'ici et d'ailleurs\",\"isPartOf\":{\"@id\":\"https:\\\/\\\/gonetrotters.fr\\\/#website\"},\"primaryImageOfPage\":{\"@id\":\"https:\\\/\\\/gonetrotters.fr\\\/#primaryimage\"},\"image\":{\"@id\":\"https:\\\/\\\/gonetrotters.fr\\\/#primaryimage\"},\"thumbnailUrl\":\"https:\\\/\\\/gonetrotters.fr\\\/wp-content\\\/uploads\\\/2023\\\/11\\\/G7_m-1024x379.jpg\",\"datePublished\":\"2019-10-09T12:37:23+00:00\",\"dateModified\":\"2025-10-20T08:58:35+00:00\",\"description\":\"Une musique vari\u00e9e, complexe, cisel\u00e9e, principalement instrumentale, jou\u00e9e sur une base solide assur\u00e9e par une guitare et contrebasse, et la rencontre atypique d\u2019un accord\u00e9on et d\u2019une mandoline am\u00e9ricaine.\",\"inLanguage\":\"fr-FR\",\"potentialAction\":[{\"@type\":\"ReadAction\",\"target\":[\"https:\\\/\\\/gonetrotters.fr\\\/\"]}]},{\"@type\":\"ImageObject\",\"inLanguage\":\"fr-FR\",\"@id\":\"https:\\\/\\\/gonetrotters.fr\\\/#primaryimage\",\"url\":\"https:\\\/\\\/gonetrotters.fr\\\/wp-content\\\/uploads\\\/2023\\\/11\\\/G7_m.jpg\",\"contentUrl\":\"https:\\\/\\\/gonetrotters.fr\\\/wp-content\\\/uploads\\\/2023\\\/11\\\/G7_m.jpg\",\"width\":1420,\"height\":525},{\"@type\":\"WebSite\",\"@id\":\"https:\\\/\\\/gonetrotters.fr\\\/#website\",\"url\":\"https:\\\/\\\/gonetrotters.fr\\\/\",\"name\":\"Gonetrotters\",\"description\":\"Musique d\u2019ici et d\u2019ailleurs\",\"publisher\":{\"@id\":\"https:\\\/\\\/gonetrotters.fr\\\/#organization\"},\"potentialAction\":[{\"@type\":\"SearchAction\",\"target\":{\"@type\":\"EntryPoint\",\"urlTemplate\":\"https:\\\/\\\/gonetrotters.fr\\\/?s={search_term_string}\"},\"query-input\":{\"@type\":\"PropertyValueSpecification\",\"valueRequired\":true,\"valueName\":\"search_term_string\"}}],\"inLanguage\":\"fr-FR\"},{\"@type\":\"Organization\",\"@id\":\"https:\\\/\\\/gonetrotters.fr\\\/#organization\",\"name\":\"Gonetrotters\",\"url\":\"https:\\\/\\\/gonetrotters.fr\\\/\",\"logo\":{\"@type\":\"ImageObject\",\"inLanguage\":\"fr-FR\",\"@id\":\"https:\\\/\\\/gonetrotters.fr\\\/#\\\/schema\\\/logo\\\/image\\\/\",\"url\":\"https:\\\/\\\/gonetrotters.fr\\\/wp-content\\\/uploads\\\/2019\\\/10\\\/gonetrotters_mini.png\",\"contentUrl\":\"https:\\\/\\\/gonetrotters.fr\\\/wp-content\\\/uploads\\\/2019\\\/10\\\/gonetrotters_mini.png\",\"width\":600,\"height\":470,\"caption\":\"Gonetrotters\"},\"image\":{\"@id\":\"https:\\\/\\\/gonetrotters.fr\\\/#\\\/schema\\\/logo\\\/image\\\/\"}}]}<\/script>\n<!-- \/ Yoast SEO plugin. -->","yoast_head_json":{"title":"Gonestrotters - Musique d'ici et d'ailleurs","description":"Une musique vari\u00e9e, complexe, cisel\u00e9e, principalement instrumentale, jou\u00e9e sur une base solide assur\u00e9e par une guitare et contrebasse, et la rencontre atypique d\u2019un accord\u00e9on et d\u2019une mandoline am\u00e9ricaine.","robots":{"index":"index","follow":"follow","max-snippet":"max-snippet:-1","max-image-preview":"max-image-preview:large","max-video-preview":"max-video-preview:-1"},"canonical":"https:\/\/gonetrotters.fr\/","og_locale":"fr_FR","og_type":"article","og_title":"Gonestrotters - Musique d'ici et d'ailleurs","og_description":"Une musique vari\u00e9e, complexe, cisel\u00e9e, principalement instrumentale, jou\u00e9e sur une base solide assur\u00e9e par une guitare et contrebasse, et la rencontre atypique d\u2019un accord\u00e9on et d\u2019une mandoline am\u00e9ricaine.","og_url":"https:\/\/gonetrotters.fr\/","og_site_name":"Gonetrotters","article_modified_time":"2025-10-20T08:58:35+00:00","og_image":[{"width":1420,"height":525,"url":"https:\/\/gonetrotters.fr\/wp-content\/uploads\/2023\/11\/G7_m.jpg","type":"image\/jpeg"}],"twitter_card":"summary_large_image","twitter_misc":{"Dur\u00e9e de lecture estim\u00e9e":"5 minutes"},"schema":{"@context":"https:\/\/schema.org","@graph":[{"@type":"WebPage","@id":"https:\/\/gonetrotters.fr\/","url":"https:\/\/gonetrotters.fr\/","name":"Gonestrotters - Musique d'ici et d'ailleurs","isPartOf":{"@id":"https:\/\/gonetrotters.fr\/#website"},"primaryImageOfPage":{"@id":"https:\/\/gonetrotters.fr\/#primaryimage"},"image":{"@id":"https:\/\/gonetrotters.fr\/#primaryimage"},"thumbnailUrl":"https:\/\/gonetrotters.fr\/wp-content\/uploads\/2023\/11\/G7_m-1024x379.jpg","datePublished":"2019-10-09T12:37:23+00:00","dateModified":"2025-10-20T08:58:35+00:00","description":"Une musique vari\u00e9e, complexe, cisel\u00e9e, principalement instrumentale, jou\u00e9e sur une base solide assur\u00e9e par une guitare et contrebasse, et la rencontre atypique d\u2019un accord\u00e9on et d\u2019une mandoline am\u00e9ricaine.","inLanguage":"fr-FR","potentialAction":[{"@type":"ReadAction","target":["https:\/\/gonetrotters.fr\/"]}]},{"@type":"ImageObject","inLanguage":"fr-FR","@id":"https:\/\/gonetrotters.fr\/#primaryimage","url":"https:\/\/gonetrotters.fr\/wp-content\/uploads\/2023\/11\/G7_m.jpg","contentUrl":"https:\/\/gonetrotters.fr\/wp-content\/uploads\/2023\/11\/G7_m.jpg","width":1420,"height":525},{"@type":"WebSite","@id":"https:\/\/gonetrotters.fr\/#website","url":"https:\/\/gonetrotters.fr\/","name":"Gonetrotters","description":"Musique d\u2019ici et d\u2019ailleurs","publisher":{"@id":"https:\/\/gonetrotters.fr\/#organization"},"potentialAction":[{"@type":"SearchAction","target":{"@type":"EntryPoint","urlTemplate":"https:\/\/gonetrotters.fr\/?s={search_term_string}"},"query-input":{"@type":"PropertyValueSpecification","valueRequired":true,"valueName":"search_term_string"}}],"inLanguage":"fr-FR"},{"@type":"Organization","@id":"https:\/\/gonetrotters.fr\/#organization","name":"Gonetrotters","url":"https:\/\/gonetrotters.fr\/","logo":{"@type":"ImageObject","inLanguage":"fr-FR","@id":"https:\/\/gonetrotters.fr\/#\/schema\/logo\/image\/","url":"https:\/\/gonetrotters.fr\/wp-content\/uploads\/2019\/10\/gonetrotters_mini.png","contentUrl":"https:\/\/gonetrotters.fr\/wp-content\/uploads\/2019\/10\/gonetrotters_mini.png","width":600,"height":470,"caption":"Gonetrotters"},"image":{"@id":"https:\/\/gonetrotters.fr\/#\/schema\/logo\/image\/"}}]}},"featured_image_src":null,"featured_image_src_square":null,"_links":{"self":[{"href":"https:\/\/gonetrotters.fr\/index.php?rest_route=\/wp\/v2\/pages\/8","targetHints":{"allow":["GET"]}}],"collection":[{"href":"https:\/\/gonetrotters.fr\/index.php?rest_route=\/wp\/v2\/pages"}],"about":[{"href":"https:\/\/gonetrotters.fr\/index.php?rest_route=\/wp\/v2\/types\/page"}],"author":[{"embeddable":true,"href":"https:\/\/gonetrotters.fr\/index.php?rest_route=\/wp\/v2\/users\/1"}],"replies":[{"embeddable":true,"href":"https:\/\/gonetrotters.fr\/index.php?rest_route=%2Fwp%2Fv2%2Fcomments&post=8"}],"version-history":[{"count":125,"href":"https:\/\/gonetrotters.fr\/index.php?rest_route=\/wp\/v2\/pages\/8\/revisions"}],"predecessor-version":[{"id":315,"href":"https:\/\/gonetrotters.fr\/index.php?rest_route=\/wp\/v2\/pages\/8\/revisions\/315"}],"wp:attachment":[{"href":"https:\/\/gonetrotters.fr\/index.php?rest_route=%2Fwp%2Fv2%2Fmedia&parent=8"}],"curies":[{"name":"wp","href":"https:\/\/api.w.org\/{rel}","templated":true}]}}